re the prime factors of b?
2, 7
Let c(a) = 2*a + 16. Let p be c(6). What are the prime factors of (-388)/(-14) - (-8)/p?
2, 7
Let m(k) = -3*k**3 + 2*k**2 + k. Let z(v) = v + 10. Let f be z(-11). Let h be m(f). Suppose h*p = p + 51. List the prime factors of p.
17
Let j be (-196)/35*(-10)/4. Let u = -15 + j. What are the prime factors of (-24 - u)*(0 - 1)?
23
Let b be ((-5)/(-2) + -3)/((-1)/(-222)). Let u = 61 - b. What are the prime factors of u?
2, 43
Let j be (3/15)/((-1)/(-5)). Let i(r) be the third derivative of r**4/8 + r**3/3 - 2*r**2 - 30*r. List the prime factors of i(j).
5
Let u = -1 + 5. Let q be (-16)/12*12/u. List the prime factors of 12 + 0*q/(-4).
2, 3
Let f(i) = 1607*i - 336. What are the prime factors of f(3)?
3, 5, 13, 23
Suppose 3*b - 8*b = -5*v - 1030, 5*v = b - 214. List the prime factors of b.
2, 3, 17
Suppose -2*d - 98 = 5*s, -3*d = s - 5*s - 60. Let m = s - -27. List the prime factors of m.
3
Let l(j) = 3*j**2 - 27*j + 13. List the prime factors of l(-10).
11, 53
Let n(j) = 2*j**3 - 6*j**2 + 9*j - 4. Suppose -6*k = 17 - 53. What are the prime factors of n(k)?
2, 7, 19
Suppose q = 15*l - 17*l + 59, -3*q + 4*l = -187. List the prime factors of q.
61
List the prime factors of (-1)/(((-42)/(-2850))/(-7)).
5, 19
Let x = 87 + 29. Suppose -x = -4*k + j, -5*k + 0*j + 152 = -3*j. List the prime factors of k.
2, 7
Suppose 134*b - 132*b + 8 = 0. Let v = -3 + 50. What are the prime factors of v - b*3/(-6)?
3, 5
Suppose 4*k = -15*h + 14*h + 1157, 3*k - 4*h - 844 = 0. What are the prime factors of k?
2, 3
Suppose 290 = 3*v - 88. What are the prime factors of v?
2, 3, 7
Let s be -4 - (-57)/(3/1). List the prime factors of 3/5 + 711/s.
2, 3
Suppose 75 = -5*s - x, -s = -4*s - 4*x - 28. Let u be (-3)/(-12) - 1500/s. Suppose -u = -5*v + 3*v. What are the prime factors of v?
47
Let k(y) = -99*y + 970. List the prime factors of k(-9).
1861
Let o be 27/6*2/(-3). What are the prime factors of -3 - (-4 + -10 + o)?
2, 7
Suppose -9 = 3*z, 0 = 5*p + 4*z - 66 - 72. Let t = p - 14. What are the prime factors of -3*t/(-12) + 0?
2
Let c(q) = 2*q**3 + 5*q**2 + 11*q - 12. What are the prime factors of c(6)?
2, 3, 37
Let x(y) be the first derivative of -2*y**2 - 61*y + 22. List the prime factors of x(-18).
11
Suppose 5*u = u + 8. List the prime factors of -3 - (-3 + u) - (-59 + -4).
61
Let o(c) = -6*c - 50. Let i be o(-9). Suppose i*n - 7*n + 552 = 0. List the prime factors of n.
2, 23
Let g be 1*(-4)/(-1) + 5. Let k = g + -7. Suppose -k - 18 = 4*f, -35 = -4*l - 5*f. List the prime factors of l.
3, 5
Let l(h) = h**2 - h**2 - 7*h - 12 + h**2 + 2. Let q be l(8). What are the prime factors of 39/q*28/(-21)?
2, 13
Let p be (-16)/(0 - 4) - 4. Suppose -6 = 2*a, 2*c = -2*a + 37 + 13. Suppose p = f - 2 - c. What are the prime factors of f?
2, 3, 5
Let r(f) = -f**3 - 3*f**2 + 14*f - 2. Let p(d) = d**3 + 4*d**2 - 3*d + 3. Let c be p(-5). What are the prime factors of r(c)?
2, 3
Suppose -3*u + 463 + 523 = 4*a, 984 = 3*u + 3*a. What are the prime factors of u?
2, 163
Suppose -4*x - 7 = -23. Let k(v) = 7*v + 3. Let d(w) = -7*w - 3. Let u(b) = -3*d(b) - 2*k(b). List the prime factors of u(x).
31
Suppose -4*z + 468 = 5*d, -z + 3*z - 5*d = 234. List the prime factors of z.
3, 13
Let c(s) = 12*s**2 - 27*s - 12. List the prime factors of c(14).
2, 3, 109
Let o = -9 + 9. Suppose o = 4*i + 3*x + 49, 4*i = x + 3*x - 28. What are the prime factors of 6/10 + (-414)/i?
2, 3, 7
Suppose -4*x - n = -3602, 4*x + 3*n + n = 3608. What are the prime factors of x?
2, 3, 5
Let z(r) = 9*r + 26. What are the prime factors of z(7)?
89
Suppose 3*y - 5*j - 30 + 11 = 0, -10 = -y - 2*j. Let a = y + -6. Let r = 18 + a. What are the prime factors of r?
2, 5
Let h(p) = -p**3 + 59*p**2 - 52*p - 159. List the prime factors of h(57).
3, 5
Let o be 3/(-3) + 3 + -2 + -2. List the prime factors of ((-24)/8)/(3/o).
2
Let d(i) = 2904*i**2 + 2*i + 2. What are the prime factors of d(-1)?
2, 3, 11
Let p be (4/(-6)*1)/(2/(-27)). Suppose p*r - 17*r + 680 = 0. What are the prime factors of r?
5, 17
Let p(x) = x**3 - 6*x**2 + 5*x + 3. Let r be p(5). Suppose 2*c - 90 = -r*c. What are the prime factors of c?
2, 3
Let s be 48/18 - (-4)/(-6). Suppose -4*a = s*a - 468. What are the prime factors of a?
2, 3, 13
Let b(k) = -k**3 + 35*k**2 + 52*k + 61. What are the prime factors of b(36)?
7, 13
Let l(j) = j**3 + 9*j**2 + 6*j + 6. Let c be l(-9). What are the prime factors of (-6378)/c - 1/(-8)?
7, 19
Let d = -4 - -8. Let k be 1 + 9/(-12) - 375/(-100). Suppose 5*l - 31 = -d*v, k*l = -v + l + 13. List the prime factors of v.
2
List the prime factors of 4985/(-2)*((-352)/(-55))/(-16).
997
Suppose 3*o = -2*s + 161 + 409, 380 = 2*o + 5*s. What are the prime factors of o?
2, 5, 19
Suppose -8*z + 20 = -4*z. Suppose 3*j - 2*b + z*b = -93, j + 39 = -3*b. What are the prime factors of ((-1)/3)/(3/j)?
3
Suppose f + j + 0*j = 29, 0 = -5*f - j + 141. Let i = 228 - 251. Let m = f + i. What are the prime factors of m?
5
Let u = -41 + 59. Suppose -2*l + u = -0*l. Suppose -v + 0 = -l. List the prime factors of v.
3
Suppose 134*n - 141*n = -3269. What are the prime factors of n?
467
Suppose 6*h - 4 = 2*h. Suppose 0*g = x - g - 1, 5*x = -g - 25. What are the prime factors of h*(34 + 4/x)?
3, 11
Let j(y) = -y**3 - 7*y**2 + 9*y + 4. Let c be j(-8). Let q = -46 + 104. Let i = c + q. List the prime factors of i.
2, 3
What are the prime factors of 320/24*(38 - 2) + -4?
2, 7, 17
Let i(d) = 8*d + 9*d**2 + 2 - 4 + 6 - 9*d. Let q be i(3). Suppose -5*p + 5*s = -55, 5*p + 4*s + 0*s - q = 0. List the prime factors of p.
2, 7
Suppose 0 = -4*i + o + 6848, -14*i = -16*i - 4*o + 3442. What are the prime factors of i?
3, 571
Let j(b) = b**3 - 9*b**2 - 15*b - 41. List the prime factors of j(14).
3
Suppose -2*l = -w - 1705, 0 = -l - w + 407 + 450. List the prime factors of l.
2, 7, 61
Let k be (-3)/(0 - (-2)/(-30)). Suppose k = -5*t + y + 154, t = y + 25. What are the prime factors of (-6 + 2)*t/(-2)?
2, 3, 7
Let u = 469 + 279. What are the prime factors of u?
2, 11, 17
Suppose -5*k + 10047 = -l, -8046 = 7*k - 11*k - 2*l. List the prime factors of k.
2, 3, 5, 67
Let b = 27 + 78. Suppose b = -c + 256. What are the prime factors of c?
151
Suppose 0 = w - 771 + 309. What are the prime factors of w?
2, 3, 7, 11
Let w(b) = 6*b**2 - 14*b - 11. List the prime factors of w(-6).
17
Let u(g) = -10*g - 5. Suppose -2*b - 4*s = -6, s = -0*b - 3*b - 16. List the prime factors of u(b).
5, 13
Let h be -1 - -5 - (-49 + 3). Let g = h - 4. List the prime factors of g.
2, 23
Suppose -7*i + i - 2*a = -10040, 0 = 3*i - a - 5024. List the prime factors of i.
2, 3, 31
Let k(c) = -24*c - 187. What are the prime factors of k(-22)?
11, 31
Let k(z) = z**2 + 2*z + 2. Let o be k(-3). Let m be (1 + 0)/(5/10). Suppose 4*w = -o*l + 24, -m*w + 18 = w + 3*l. What are the prime factors of w?
2, 3
Suppose 0*g = -g - 4*g. What are the prime factors of -3 + (-1 - g) + 134?
2, 5, 13
Suppose -2*y + 0*g = 2*g - 30, y + 5*g - 27 = 0. List the prime factors of (2 - 3)/(y/(-552)).
2, 23
Let m(k) = k**3 - k**2 + 2*k + 145. Let a be m(0). Let q = a + -87. List the prime factors of q.
2, 29
Suppose r + 328 = 4*x - 5895, -2*x + r = -3113. List the prime factors of x.
5, 311
Let b(h) = h**3 + 8*h**2 - 5*h. Let x be b(-5). Suppose -345 = -5*t + x. What are the prime factors of t?
89
Let d(v) = v - 5. Let l = 1 - -14. Let s be d(l). Suppose 9*b + 35 = s*b. What are the prime factors of b?
5, 7
Let q(x) = 3*x**2 + 2*x - 1. Let z(u) = -9*u**2 - 6*u + 4. Let k(w) = -11*q(w) - 4*z(w). What are the prime factors of k(3)?
2, 7
Let b = -1057 - -1691. What are the prime factors of b?
2, 317
Let z(g) = g**2 - 2. Let u be z(-5). Let r(w) = -2*w**2 + 5*w - 13. Let y be r(3). Let s = y + u. List the prime factors of s.
7
Suppose -10 = 2*i, -15707 + 4952 = -5*k - 5*i. What are the prime factors of k?
2, 7, 11
Suppose 26 = -m - 5*h - 0*h, -4 = -2*m + 4*h. Let w(z) = z**2 + z + 11. What are the prime factors of w(m)?
41
Suppose z + 3*z = -100. Let l = 30 + z. Suppose 0 = 4*n - 3*q - 233, -l*n + 289 = q - 4*q. What are the prime factors of n?
2, 7
What are the prime factors of 45/(-10)*5962/(-33)?
3, 271
Let d be 4/14 + (141/21 - 4). Suppose 2*k - 200 = -2*o, 2*k = d*o + 3*k - 306. What are the prime factors of o?
103